0 - (4 - 1)))?
1
What is the value of (7 - 4) + (2 - 0 - 6)?
-1
What is (-4 - (1 + -1) - 2) + 2?
-4
11 + -12 - (-2 + 1 - -5)
-5
What is the value of 18 - 18 - (-6 - -2)?
4
Evaluate -1 + 2 + (-1 - -1).
1
(7 - 10) + -1 + -1
-5
Calculate 3 + -1 + -9 - -9.
2
Evaluate 3 - (-6 + 1 - (-22 - -18)).
4
Calculate 2 + (3 - 0) + -4 - 1.
0
What is the value of -25 - -31 - (7 + 0)?
-1
Evaluate 1 - (4 + -5 + 4).
-2
Calculate (7 - 4) + 0 + 0 + 1.
4
Evaluate (-9 - -3) + -1 + 3.
-4
What is the value of 4 - (14 + (-9 - -3)) - 4?
-8
Calculate 0 - (-1 - 5 - -12) - -4.
-2
What is (-2 - -1 - -3) + -1 + 1?
2
-4 - (-5 + -6 + 4)
3
-1 - (2 + -4) - -1
2
Evaluate (1 - 0) + 0 + (1 - 2).
0
Calculate -7 + 0 + (4 - (-1 - -2)).
-4
Calculate 4 - (1 - (2 - -1)).
6
Evaluate -2 + (-8 - -3 - -4).
-3
Evaluate -35 + 31 - (0 + -5).
1
Calculate 1 - -12 - (0 + 3 - -4).
6
What is -7 - ((5 - (3 - 1)) + -2)?
-8
0 - (0 + -1 - (-49 + 58))
10
Calculate (5 - 2) + -4 - -2.
1
What is 3 - (3 + 0 + 4)?
-4
What is 2 + -3 + (3 + -10 - -5)?
-3
Evaluate 5 - (4 - (-10 - -6)).
-3
Evaluate (-3 - 0) + -9 + 10.
-2
What is 0 + -2 - (-102 + 95)?
5
(4 - 2) + -2 + -2 + -3
-5
Calculate 0 - 3 - (-2 - -4).
-5
What is the value of -1 - (-1 - (2 + (-4 - -1)))?
-1
Calculate -11 + 24 + 0 + -3 + -3.
7
Calculate 4 - (6 - 2) - (0 - -3).
-3
Evaluate 8 - ((9 - 3) + -4).
6
8 - (-6 + 3 + 5 - -1)
5
14 + -4 + 1 + -6 - 10
-5
-10 + -10 + 16 - 1
-5
What is the value of 6 + -4 - (4 - (-3 - -1))?
-4
What is the value of -2 + (-6 + 4 - 1) + 1?
-4
(6 - (7 + -3)) + -1 + 7
8
Calculate (-22 - -32) + (-2 - -2) + -3.
7
What is the value of (-1 - (0 - 2)) + -3?
-2
Evaluate -3 + (3 - 7 - -5).
-2
What is the value of -8 - (5 + -4 + -9)?
0
What is the value of 7 + (-2 - (7 + -14 - -2))?
10
What is 0 - ((2 - 4) + (-2 - 1))?
5
Evaluate -11 + 2 + 8 - 5.
-6
Calculate (5 - (3 + 2)) + (1 - -1).
2
Evaluate (-2 - 6) + 6 + 0 + -1.
-3
What is -2 + 8 - (8 + -2)?
0
(-2 - -3 - (5 - 3)) + 2
1
What is 0 + -8 + (3 + 2 - 2)?
-5
What is the value of -6 + (5 - 2) + (-8 - -5)?
-6
Calculate -6 + -1 + 2 + (46 - 46).
-5
What is 0 + 16 + -19 + 0 + 6?
3
Calculate 2 + -1 + 1 - 4.
-2
What is the value of -1 - -1 - (-9 - -5) - 4?
0
Calculate -2 + (10 + -4 - (-1 - -3)).
2
What is -7 - -4 - (-9 + 8)?
-2
What is the value of 12 + -5 + -2 + -10 + 4?
-1
What is -9 + 8 + -2 + 1 - 2?
-4
What is the value of (-2 - 1) + 6 - (-34 + 35)?
2
Calculate 0 + 2 + -2 + 0.
0
Evaluate 3 + (-3 - 0) - (2 + -3).
1
Evaluate 6 - 4 - (-2 + 8).
-4
3 + -11 - -2 - -6
0
-10 + -9 - -12 - -9
2
-8 + -1 - (-14 - -1 - -9)
-5
Calculate 4 + -6 + (-1 - -1).
-2
Calculate 2 + -6 + 10 + -1 + 0.
5
Calculate 4 - 7 - -3 - -3.
3
(-6 - -5) + (-1 - -2) - -2
2
3 + -4 + -2 + 2
-1
Evaluate 0 + -5 + 2 + 2.
-1
What is the value of -4 + 1 + -12 + 15?
0
Evaluate 13 - -2 - (10 + 9).
-4
What is the value of -1 - 1 - ((3 - 6) + 0)?
1
What is the value of (-9 - -9 - (1 - 0)) + 3?
2
Evaluate -5 - (6 + -1) - -5.
-5
Evaluate -1 + (0 - -2) + -26 + 29.
4
What is the value of (4 - 6 - -10) + -5?
3
Evaluate 2 - ((0 - 2) + (-22 - -26)).
0
What is the value of 22 + -27 - (-1 + -2)?
-2
Evaluate 1 + (-3 - 1) + -6 + 3.
-6
What is 0 - (-3 + 1 - (26 - 27))?
1
What is the value of -9 - (-9 + (8 - 3))?
-5
Calculate -1 - 5 - (3 + -5 + -6).
2
What is the value of -5 + 4 + -2 + 3 + -4?
-4
-2 + (-2 - 0) - -3
-1
What is 12 + -7 + -3 + 4?
6
What is the value of (-1 - -15) + 10 + 0 + -17?
7
Evaluate (-4 - (-9 + 3)) + -5.
-3
-28 + 27 - (0 - 1) - 6
-6
11 - (-8 + 1 + 13)
5
What is the value of -14 - (14 - 27) - (-1 - 1)?
1
What is the value of 1 + (0 - 9) - -3?
-5
Calculate 1 - (-9 + 12 - (-1 - 5)).
-8
Evaluate (-2 + -3 - 0) + 3.
-2
Calculate (-3 - 1) + 3 + 2 + 2.
3
What is the value of 5 - (4 + -2) - 3 - 0?
0
Calculate -3 + 3 + (-11 + 5 - -5).
-1
What is 7 - ((-5 - -12) + -5)?
5
Calculate (11 + -12 - (1 - 2)) + 2.
2
Calculate (-3 + 11 - 3) + -15 - -2.
-8
What is (-2 - 3 - -4) + 8 + -4?
3
What is the value of 4 - 0 - ((1 - 8) + 3)?
8
What is -2 + (0 - 0) - 1?
-3
Evaluate (-4 - 6) + 5 + (5 - -4).
4
What is 8 + -17 - (3 - 5)?
-7
1 + 2 + -3 + 1 + -1
0
8 + -2 - 14 - -6
-2
Evaluate 7 + 3 + -13 - (-7 - 1).
5
What is the value of 1 + -4 + 2 + -1?
-2
What is 5 + -10 + -2 - -2?
-5
Calculate (-2 - -2 - -2) + 2.
4
Evaluate 6 - 9 - (1 + -1 + 2).
-5
What is -2 + -1 - (-2 - 11 - -11)?
-1
Calculate -5 - -2 - (1 - (-1 + 5)).
0
What is the value of (3 - (8 + -4)) + 0 + 4?
3
What is the value of 1 - 0 - (4 + -8)?
5
3 + 1 + -5 + 2
1
Evaluate 0 - (-3 - -4) - 0.
-1
-13 + -10 + 25 + -10
-8
What is the value of (2 - 4) + (-2 - (0 + -5))?
1
What is the value of 6 + 0 - (-33 + 38)?
1
Evaluate 7 + -2 + -24 + 15.
-4
What is -6 + 2 - (-5 - (-3 - 0))?
-2
What is 2 + 1 + (-5 + 2 - -4)?
4
What is -6 + 0 + 1 - (28 - 31)?
-2
Evaluate 0 + 2 + (-8 - -6) + -1.
-1
Evaluate 25 + -27 - (0 + 0).
-2
What is -6 - (0 + -11 - -6)?
-1
1 + 2 - (58 + -48)
-7
Evaluate -2 - 0 - (-11 - (5 - 17)).
-3
What is -13 + (0 - -7) - -3?
-3
-6 - -1 - (-2 + -7)
4
Calculate -7 + 8 - -1 - (0 - -4).
-2
What is the value of -5 + 1 + (12 - 7 - 5)?
-4
What is the value of -17 + (19 - 9) - -15?
8
Calculate -8 + 5 + -1 + (1 - 2).
-5
What is the value of (21 - 19) + (1 - 1) + -7?
-5
What is -1 - 12 - (-183 + 177)?
-7
What is -3 + (-5 - (5 - 9))?
-4
Evaluate -2 - (11 + -7 - -2).
-8
Evaluate -2 + -3 - -16 - 9.
2
What is -15 + 1 + 4 + (5 - 1)?
-6
Calculate 2 + 2 - (1 + 4).
-1
What is the value of 6 + 3 + -9 - (2 - -1)?
-3
What is the value of 5 - 15 - (-15 + 4)?
1
What is the value of 6 + -10 + -1 - 2?
-7
What is the value of 12 - (1 + 3) - 14?
-6
Evaluate (6 - 1) + 2 - 5.
2
Evaluate (-10 - -7) + (-2 - -2).
-3
What is -1 + 11 - -2 - 3?
9
Evaluate -10 + -2 + 3 + 8.
-1
Evaluate (2 - 0) + (1 - 3 - -4).
4
What is (7 - 5) + 3 + -4 - 12?
-11
2 - 1 - (-1 - 1 - -2)
1
1 + (-3 - (-1 + -1))
0
What is the value of 6 - 0 - (-6 - -21)?
-9
Calculate 6 + -7 - (-1 - 4).
4
What is -4 + (0 + -1 - -7) + -4?
-2
Calculate -2 + -4 - -9 - 5.
-2
What is (-16 - -13) + 2 + -3?
-4
Calculate -4 - ((-21 - -12) + 2).
3
Evaluate 1 + -1 - (9 + -12).
3
What is -5 + 0 - (5 - (2 - -2))?
-6
What is (16 - 16) + 0 + 1?
1
What is the value of -6 + -1 - (-11 - -5)?
-1
What is the value of 0 - 3 - (-51 + 54)?
-6
Evaluate -2 + 3 + -1 - (-2 + -1).
3
Evaluate (-4 - (-4 - -5)) + 7.
2
-25 + 11 + 14 - (-1 - 3)
4
Calculate 3 + (6 - 5) + (0 - -1).
5
What is the value of 2 - (2 + 0 + -6 - -8)?
-2
What is the value of (-4 + 0 + 1 - -3) + 2?
2
Evaluate -5 + (7 - 2) + 0.
0
8 - (-5 - (-12 - -8))
9
Calculate 0 - (2 + 1 - (-2 - -4)).
-1
Calculate (6 - 17) + 3 + (4 - 1).
-5
Calculate -7 - -2 - (-14 - (8 - 12)).
5
What is the value of -16 - -15 - -3 - (0 - 8)?
10
Evaluate 2 + 1 - (10 - 10 - -2).
1
Evaluate 2 - -3 - (-3 - -10).
-2
What is the value of -6 - (-1 + -6 + 0 + 1)?
0
(-3 + 6 - 8) + -1
-6
What is the value of 41 + -39 + (-6 - 3)?
-7
Calculate 5 - 2 - -1 - (-3 - -6).
1
2 + -4 + 1 - (7 - 4)
-4
What is -18 - -12 - (-1 - 1 - 1)?
-3
Calculate 4 + (-8 - (-4 - -2)) + 5.
3
What is (1 - -1) + 0 - (1 + 0)?
1
What is 0 - (-3 - -1 - (-8 + 1))?
-5
Evaluate -28 - -18 - (-11 - 2).
3
What is -7 - -3 - (1 + -1 + -2)?
-2
Evaluate -1 - (0 + -7) - 1.
5
What is the value of 6 - (-5 - -3) - (-6 - -9)?
5
What is -2 - (0 + -6) - (-1 - -5)?
0
What is the value of 2 + 3 + (3 - 5)?
3
Calculate 1 - ((-2 + 0 - 1) + 1).
3
Evaluate 16 + -18 + (-3 + 6 - -2).
3
Evaluate -13 + 16 + -3 + -2 + 2.
0
Calculate 1 + -2 + 3 + -4 - 1.
-3
Calculate 0 + (5 - 3) - -3.
5
What is -2 + (4 - 1 - 8)?
-7
What is the value of 6 + (-7 - (-3 - 1))?
3
What is -7 + (1 - -2) - 0?
-4
What is the value of 4 + (7 - (8 - -4)) + -2?
-3
What is the value of -1 - (0 + -2 - -3 - 1)?
-1
Calculate -1 - -2 - (5 - (4 - -3)).
3
(-7 - -10) + -2 - 5
-4
What is the value of (3 - (-2 + 3)) + 0 - 3?
-1
-5 + 3 - (1 - -2)
-5
Evaluate -6 + -6 + (19 - 5).
2
What is -7 - -3 - (1 + -3)?
-2
Calculate (1 + 2 - 3) + 2 - -1.
3
Evaluate -4 + 0 - (-8 + -5 + 0).
9
3 - 0 - (1 - 0)
2
What is -10 - (4 - (7 + 4))?
-3
Calculate -7 + (3 - -7) + 2 + -12.
-7
What is the value of 4 + 4 + -5 - 4?
-1
What is (0 - 6) + (6 - (20 + -11))?
-9
7 - (7 + (1 - 5))
4
Evaluate (8 - 14) + (6 - 2).
-2
Calculate -7 + 8 + (-4 - 2).
-5
-18 + (3 - -14 - 10)
-11
What is the value of 15 + 10 + -25 + -6?
-6
Evaluate 3 + -7 - (-69 - -58).
7
114 + -113 - (0 + 1 + 9)
-9
Calculate (-1 - -